= 202 + u. Let a(y) = 14*y**3 + 2*y**2 - y. Calculate the remainder when k is divided by a(1).
14
Suppose 5*z = 5*j - 40, -8*z = -2*j - 3*z + 7. Let v = 66 - 36. What is the remainder when v is divided by j?
8
Suppose 3*v - 4*k - 62 = 0, 4*v - 7*v + 5*k = -64. Let l(m) = -34*m**2 + 37*m**2 + 24*m**2 + m. Calculate the remainder when l(-2) is divided by v.
16
Let j = 1292 - 1289. Calculate the remainder when 179 is divided by j.
2
Let j be -8 + 80/32*64/10. Let k = -226 + 458. Suppose 688 + k = j*w. What is the remainder when w is divided by 30?
25
Suppose 29 + 197 = -d + 5*r, -5*r - 1010 = 5*d. Let i = 280 + d. Calculate the remainder when i is divided by 19.
17
Suppose -w + 29 = -5*c, 2*c + 68 - 2 = 2*w. Let n = -31 + w. What is the remainder when 37 is divided by 2 + 20 - (-3 - (n - 9))?
18
Let n = -29254 - -29341. Calculate the remainder when 2006 is divided by n.
5
Let s(d) = -8 + 63*d - 29 + 3. Let w = 16 - -8. What is the remainder when s(2) is divided by w?
20
Let s = -2532 - -2541. Suppose -8*t + 3*t + 4*n - 25 = 0, -t = 2*n - 9. Calculate the remainder when (-17)/(-1*(2 + t)) is divided by s.
8
Suppose 5*i + 140 = -10. What is the remainder when (228/i)/(-19) + 248/5 is divided by 30?
20
Suppose -40*g = -10*g + 21336 - 63516. What is the remainder when g is divided by 64?
62
Let y(b) = b**2 - 12*b + 9. Let g be y(8). Suppose 339 + 41 = 5*n. What is the remainder when n is divided by ((-26)/(-8))/(g/(-92))?
11
Suppose -28 = 5*k - 143. Calculate the remainder when 1*-10 - (-610 + 168) is divided by k.
18
What is the remainder when 822 is divided by 8*(4086/144 + -16)?
30
Let g = -13 + 57. Suppose 5*a - 3*z - 17117 = 0, -6*a + z + 10267 = -3*a. Suppose -a = -11*o - 1045. Calculate the remainder when o is divided by g.
40
Let v = 16128 + -16123. Calculate the remainder when 2106 is divided by v.
1
Calculate the remainder when ((-47)/((-4230)/(-216)))/(6/(-430)) is divided by 38.
20
Let u(o) = o**2 + o. Let c be u(1). Suppose 5*k = c*k. Suppose k = -z + 98 + 44. Calculate the remainder when z is divided by 36.
34
Calculate the remainder when 526 is divided by 14/(((-2)/6)/(82/(-123))).
22
Suppose 9*h + 610 - 583 = 0. Let k(x) = -4*x**3 + 4*x**2 - x - 4. Calculate the remainder when k(h) is divided by 38.
29
Calculate the remainder when 5*3 - 0/1 is divided by (0/7 - -7) + (-20 - (-513)/27).
3
Suppose 247 = -2*a + 253. Let o(l) be the first derivative of 3*l**4/4 - 4*l**3/3 + 2*l + 2. What is the remainder when o(a) is divided by 16?
15
Suppose 116 = 742*g - 740*g - 5*t, 8 = -4*t. Calculate the remainder when 5352 is divided by g.
52
Suppose 0 = -m + 2*m. Suppose m = 4*t - t - 81. Suppose 5 + 51 = 4*h. Calculate the remainder when t is divided by h.
13
Let i(p) = p**2 - 54. Let y be i(-6). Calculate the remainder when (-5 + 279/y)*-2 is divided by 5.
1
Suppose -3*b + 346 = 301. Suppose -b*t + 22*t = 392. Calculate the remainder when t is divided by 34.
22
Calculate the remainder when 16243/(-1480)*-24*(0 + 30) is divided by 208.
206
Suppose 0 = -26*m - 54*m - 15*m + 53105. Calculate the remainder when m is divided by 16.
15
Suppose -691*b = -680*b - 7183. Let x = b - 617. What is the remainder when x is divided by 5?
1
Let c(b) = 172*b - 125. Calculate the remainder when 392 is divided by c(1).
16
Suppose 3*u = 172*p - 175*p + 240, 4*p = 5*u + 320. What is the remainder when 113 is divided by p?
33
Suppose -6*z + 1125 = 255. Let g(k) = k**3 + 4*k**2 + 2*k + 3. Calculate the remainder when z is divided by g(-2).
5
Suppose 0 = -2*h - 2*h - 12, 4*j - 3*h - 37 = 0. Suppose j*p + 525 = 28*p. What is the remainder when 198 is divided by p?
23
Let m be 4/(-22) + ((-816)/(-132) - -9). What is the remainder when 139 is divided by 335/m - 15/(-9)?
19
Let v = 4195 - 4132. What is the remainder when v is divided by 10?
3
What is the remainder when 1121 is divided by 2744/42*3/4?
43
Suppose -26*c = -32*c + 864. Suppose z = -1 + 4, 4*g - 194 = 2*z. Let h = c + g. What is the remainder when h is divided by 39?
38
Let m(c) = 4*c**2 + 38*c - 110. What is the remainder when m(-12) is divided by 5?
0
Let r(h) = -h**3 - 7*h**2 + 5*h + 2. Let p = -126 + 142. Let u(j) = 6*j - 82. Calculate the remainder when r(-8) is divided by u(p).
12
Let x(t) = -25*t + 11. Let v be x(-4). Let s = -67 + v. Calculate the remainder when ((-15)/6)/((-2)/s) is divided by 30.
25
Let x(f) = -2*f**2 - 12*f - 5. Let r be x(-5). Let j(d) = -5*d + 2*d + 7*d - r*d - 11. What is the remainder when 10 is divided by j(-13)?
0
Let d(o) = 6*o**2. Suppose -5*i + 4*s = 165, -166 + 34 = 4*i - 2*s. Let l = 48 + i. What is the remainder when d(-2) is divided by l?
9
Suppose 0 = -2*m + 28 - 0. Suppose 11*i - 31935 = 3100. What is the remainder when (8/5)/((-14)/i*-7) is divided by m?
10
Suppose 7*z - 161 + 28 = 0. Let j(g) = 5*g**2 - 13*g + 68. What is the remainder when j(5) is divided by z?
14
Let k = 1555 - 1138. Calculate the remainder when k is divided by 37.
10
Let v(d) be the first derivative of 2*d**3/3 + 5*d**2 + 9*d - 21. Let u be v(-6). Suppose u = -s + 92. What is the remainder when s is divided by 26?
19
Let o = -43 - -44. What is the remainder when 73 is divided by o + -1 - 25/(8/(-8))?
23
Suppose -h = -6 - 18. Suppose -16*t + h = -4*t. Suppose o - t*f = -3*f + 21, -2*f + 86 = 4*o. Calculate the remainder when 108 is divided by o.
20
Let k = -46 + 149. Let a(i) = i**2 - 24*i + 43. Let h be a(17). Let u = h + 97. What is the remainder when k is divided by u?
19
Suppose -3*s - 3*c + 5 = 77, -72 = 3*s - c. Let o = 15 + 4. What is the remainder when (-2691)/s - 24/192 is divided by o?
17
Suppose -12*l + 10*l - 2*t = 16, -l + 2*t + 4 = 0. Calculate the remainder when 99 is divided by l*(-4)/((-16)/(-6)).
3
Let d = -2776 + 2786. Let h(k) = -3*k**3 + 4*k**2 + 2*k - 2. Calculate the remainder when h(-2) is divided by d.
4
Let t(h) = -h**3 - 19*h**2 + 8*h + 175. Let g be (7*-1 + 2)*-13. Suppose l + 192 = 3*w - 3*l, w - l = g. Calculate the remainder when w is divided by t(-19).
22
Calculate the remainder when ((-379099)/14)/(-31) - (-1)/(-2) is divided by 32.
9
Suppose 2*j + 7 = 39. Let f(g) = -g**3 + 21*g**2 + 57*g - 129. What is the remainder when f(23) is divided by j?
12
What is the remainder when (12 - (-439)/(-2))*(-20)/5 is divided by 333?
164
Suppose -365 = n + 4*r, r = 2*n - n + 365. Let f = -342 - n. Calculate the remainder when 65 is divided by f.
19
Let i(y) = 136*y**2 - 5*y + 1. Let m be i(1). Suppose 2*v - m = -3*h + 6*v, 0 = -3*h - 2*v + 132. Calculate the remainder when 130 is divided by h.
42
Let p be ((-128)/80)/((-3)/15*2). Suppose g - 438 = -3*w, 0 = -2*g - 0*w + 2*w + 860. Suppose -g = -p*a - 152. Calculate the remainder when a is divided by 19.
13
Let l(q) = -1155*q - 20723. Calculate the remainder when 1084 is divided by l(-18).
12
Let j = -1644 - -1688. Calculate the remainder when 94 is divided by j.
6
Let a(x) = -2*x**3 + 51*x**2 + 20*x - 60. Let w be a(26). Let u = -104 - w. Calculate the remainder when u is divided by 53.
6
Calculate the remainder when 24033 is divided by (-27)/(648/32)*-1*(-2277)/(-12).
251
Let c be ((-100)/(-10) - 6) + -2754. What is the remainder when 268 is divided by ((-2)/2)/(50/c)?
48
Let a = 211 + -180. Let m(x) = -x - 7. Let p be m(-2). Let u(v) = -v**3 - 3*v**2 - 4*v - 10. Calculate the remainder when u(p) is divided by a.
29
Suppose -5*b = -3*a - 2*b + 42, 0 = 3*a - b - 34. Suppose -2*g = -29*q + 28*q - 65, -q = -3*g + 99. Calculate the remainder when g is divided by a.
4
Let u(o) = 10*o**2 - o - 1. Let m be 1/2*(3 - (0 - -3)). Suppose -5*l = -m + 5. Calculate the remainder when 32 is divided by u(l).
2
Let h(w) = -72*w - 1300. Calculate the remainder when 1966 is divided by h(-19).
62
Suppose -2*f - 156 = -3*r - 3*f, 2*f + 104 = 2*r. What is the remainder when 152 is divided by ((-39)/r - (-1)/4)*-104?
48
Suppose 4*x - 10*x + r + 19 = -5*x, 3*r = 0. What is the remainder when 226 is divided by x?
17
Suppose -3922*f + 3846*f = -37392. What is the remainder when f is divided by 4?
0
Suppose 7*o - 3*x - 171 = 0, -8*o + 11*o - 67 = -5*x. Calculate the remainder when (0 + -31)/(4/(-8)) is divided by o.
14
Suppose 232 - 4712 = -28*f. What is the remainder when 500 is divided by f?
20
Let q(l) = l**3 - 4*l**2 - 106*l + 673. Calculate the r